*x - 122*x = 36. Let z(d) = d - 2. Let i(l) = l**2 + 13*l - 6. Let u(o) = x*z(o) - i(o). Suppose 7*f = 4*f - 21. Determine u(f).
-6
Let w(y) = 0 - 1 - 5 - 6*y. Let t = -1018 + 1015. Determine w(t).
12
Suppose 42 = 26*a - 20*a. Let u(k) = -4 + 12*k - 3*k - k. Let l(n) = -33*n + 15. Let m(z) = -5*l(z) - 21*u(z). Calculate m(a).
-12
Let h(q) = -2739*q - 5928. Let y(c) = 213*c + 456. Let l(r) = 4*h(r) + 51*y(r). Determine l(-5).
9
Let y(f) = 564 - 1144 + 556 - 6*f + 0*f. Determine y(-5).
6
Suppose -5*r + 5*x = 45, -4*r - 4*x - 6 = -2. Let z(c) = 3*c - 6. Let p be z(4). Let j(g) = -46*g + 21*g - p + 26*g. Calculate j(r).
-11
Let b(p) = -2*p - 4. Let h(t) = -87*t - 80*t + 168*t + 1. Let v(w) = -4*b(w) - 9*h(w). What is v(9)?
-2
Suppose 23 + 2 = u. Let p = u - 23. Let o(s) = 0*s - p*s + 17 - 21. What is o(4)?
-12
Let n = -19224 - -19228. Let m(u) be the third derivative of 4/3*u**3 + 0 - 1/3*u**n + 1/60*u**5 + 0*u - 15*u**2. Give m(6).
-4
Let y(k) = -14*k + 9. Let v(l) = -7*l + 3. Let r(s) = 22*s - 9. Let a = -8 - -1. Let c(j) = a*v(j) - 2*r(j). Let f(o) = -17*c(o) - 6*y(o). Calculate f(-2).
-1
Let x(i) = 6*i**2 - 49*i**3 + 96*i**3 - 6*i + 5 - 48*i**3. Suppose 0 = 5*c - 15, 4*c + c - 7 = 2*n. Suppose n*o = -0*o + 20. Give x(o).
0
Let x(f) = f - 4. Let h(u) = 4*u**3 - u + 1. Suppose -15*q + 4 = -14*q. Suppose -3*s - n = -0 - 5, -2*s - n + q = 0. Let i be h(s). Determine x(i).
0
Let w be (-368)/2208 + 94/(-12). Let z(l) = -71*l - 565. What is z(w)?
3
Let x(v) = 6*v - 55. Let n be x(9). Let m be (4 - (1 + n)) + 90. Let w(a) = 2*a - m*a**2 + a**3 - 3*a + 2 + 93*a**2. Determine w(2).
4
Let f(p) = p + 14. Suppose 0 = -4*d - 4 + 48. Let h be 1 - (14 - d)/(1/6). Determine f(h).
-3
Let g = -1232 - -845. Let i = 380 + g. Let q(c) = -c - 3. What is q(i)?
4
Let x(j) = 23*j**3 - 8*j**2 - 11*j - 10. Let c(i) = -13*i**3 + 5*i**2 + 6*i + 5. Let u(s) = 7*c(s) + 4*x(s). Determine u(-3).
1
Let g = 133/8340 + 14/139. Let z(k) be the third derivative of -1/120*k**6 + 5*k**2 + 0*k + 0*k**4 + 5/6*k**3 + 0 - g*k**5. What is z(-7)?
5
Let s(g) = 7*g**2 + 2*g - 1. Let w be (8/(-24))/(-10 + (-488)/(-48)). What is s(w)?
23
Suppose -3*r + 4 = -2. Let j(o) be the third derivative of o**6/120 - o**5/30 + o**4/24 + 3*o**2 + 978*o. What is j(r)?
2
Suppose 0 = -x - 3. Let m(n) be the first derivative of -436 - 2/3*n**3 - 3*n - 1/4*n**4 + 0*n**2. Determine m(x).
6
Let f(y) be the second derivative of -y**5/24 + y**4/24 - 7*y**3/2 + 7*y + 3. Let b(o) be the second derivative of f(o). What is b(1)?
-4
Suppose 0 = 12*o - 5*o - 7. Suppose b - 21 = 3*g, 7*g = 4*b + 12*g + o. Let z(c) = 4*c - 4. Give z(b).
20
Let q(n) = -23*n**3 + 48*n**2 + 9*n + 1. Let r(w) = 21*w**3 - 43*w**2 - 9*w - 2. Let l(b) = 10*q(b) + 11*r(b). Calculate l(-8).
-4
Let r be (400/(-15))/(2/(-6)). Suppose -18 = -86*o + r*o. Let d(n) = n**2 - 5*n + 2. Give d(o).
-4
Suppose 89*i + 1058 + 74 + 114 = 0. Let s(l) = 3*l + 32. Give s(i).
-10
Let k(m) = -m**2 + 13*m + 3. Suppose v = -4*j + 9*j + 22, 110 = 5*v - j. Suppose 0 = 5*d - q - 64, 5*d - v - 47 = -4*q. Determine k(d).
3
Let y = 718 - 467. Let f(b) = -250*b - y*b + 502*b. Calculate f(-5).
-5
Let i = -18855 - -18857. Let y(j) = -8*j**3 - 9*j**2 - 17*j - 2. Let b(g) = -3 + 2 + 2 + 3*g**2 + 3*g**3 + 6*g. Let q(f) = -11*b(f) - 4*y(f). Determine q(i).
5
Let y(f) be the third derivative of -f**9/60480 + f**8/4032 - f**7/1260 - 89*f**5/60 - 89*f**2. Let l(q) be the third derivative of y(q). Calculate l(3).
6
Let w(y) = -y**2 - 6*y + 2. Let l = -170 - -205. Suppose 5*c + l - 3 = 2*h, -4*c = -3*h + 27. Calculate w(c).
2
Let d(w) = -w**3 - 17*w**2 + 31*w - 18. Let q(r) = 2*r**3 + 18*r**2 - 24*r + 20. Let p(v) = -3*d(v) - 2*q(v). Determine p(11).
3
Let r(q) be the second derivative of q**5/10 - q**4/2 - q**3 - q**2 + 1841*q - 1. Give r(5).
68
Let k(l) = -29*l**2 - l - 15. Let o(a) = 63*a**2 + a + 30. Let t(w) = 13*k(w) + 6*o(w). Determine t(12).
45
Suppose -20*t + 39 + 41 = 0. Let r(d) = 1 - 3 + 10*d - 9*d. What is r(t)?
2
Let j(z) = -102*z - z**2 - 104*z + 19 - 126*z + 362*z. Calculate j(31).
-12
Let h(t) = t**2 + 3*t - 4. Let j = 1 - -29. Let q be (-2 - (-14)/8)/(75/(-7800)). Let w = q - j. What is h(w)?
0
Let t(p) = -103*p - 520. Let x(s) = -151*s - 3931. Let d be x(-26). Give t(d).
-5
Suppose 0 = y - 79 + 67. Let o(z) = 21*z + 9. Let d(g) = 2*g + 1. Let f(h) = y*d(h) - o(h). Determine f(2).
9
Let c(r) = -3*r**2 - 8*r - 19. Suppose -231*f + 468*f - 227*f + 20 = 0. What is c(f)?
-15
Suppose 0 = 41*a - 33*a + 48. Suppose -3*j - j + 12 = 0. Let v(g) = -5*g**2 - g**3 - 7 + j*g - 2*g**2 + 16 + g**2. Give v(a).
-9
Let i be ((-12)/14)/3 + (-1888)/(-826). Let a = -4 + 7. Let w(n) = n + a*n + i + 8. Give w(-7).
-18
Let s(p) = -5*p**2 - 52*p - 16. Let z be 10/(-25) + (-48)/(-20). Let r(v) = v**2 + 10*v + 3. Let q(i) = z*s(i) + 11*r(i). Calculate q(-9).
28
Let x(o) be the first derivative of -5*o**2/2 + 75*o - 14849. Determine x(12).
15
Suppose 4*s - 4 = -5*p, 6*s - 11*s + p + 34 = 0. Let b(t) = 8 + 7 - 11 + t**2 + s*t - 23 + 0*t. Determine b(-8).
-3
Suppose -2*a - 12 = 0, -p + 7 = 629*a - 631*a. Let j(v) = v**3 + 5*v**2 + 5. Calculate j(p).
5
Let x be (10/5)/(-1*7/14). Let r(y) = y**2 - 2*y - 33. Give r(x).
-9
Let d(j) = -j**3 + 7*j**2 - 8*j + 5. Suppose 119*a = 95*a + 120. Calculate d(a).
15
Let w(c) be the third derivative of -c**5/60 + c**4/4 + 28*c**3/3 + 858*c**2. Give w(9).
29
Let g(l) be the first derivative of 4*l**3/3 - l**2 - 4*l - 6072. Calculate g(2).
8
Let c(s) be the first derivative of s**4 - 5*s**2/2 - 2*s - 1685. Determine c(2).
20
Let a(k) = -k**2 + 9*k - 9. Let v = 55 - -133. Let p = 268 - v. Let m = -71 + p. Determine a(m).
-9
Suppose -8*s = -1308 + 4836. Let f = -429 - s. Let x(r) = -r**2 + 9*r + 11. Determine x(f).
-25
Let d = -34 + 142. Let u = d - 102. Let c(h) be the third derivative of h**5/60 - h**4/3 + h**3/6 - h**2. What is c(u)?
-11
Let p(l) = 1757*l + 904. Let g(x) = -227*x - 113. Let r(w) = 31*g(w) + 4*p(w). What is r(11)?
14
Let q(c) be the second derivative of -c**3/2 + 5*c**2/2 - 19*c. Let v be q(-7). Let u = 30 - v. Let g(a) = a**3 - 4*a**2 + 2*a - 4. Calculate g(u).
4
Let q(p) = 4 + 22*p - 4 - 34*p + 10*p - 3. Suppose 3*c + 4*s = 11, -2*c - 1 = 2*s - 9. Suppose -5*y + c = w, -5*w = 2*y - 4*y + 29. Give q(w).
7
Let o = -665 - -668. Let r(h) = o + 18 - 37 - h + 8 + 4. Suppose -2*g - d + 3 = 17, g + 4*d + 14 = 0. Calculate r(g).
2
Let l(c) be the third derivative of c**5/60 - 43*c**4/24 - 44*c**3/3 + 6*c**2 + 3*c - 30. Determine l(45).
2
Suppose 5*m - 48 = -3*j, -6*m + 3*m + 32 = j. Suppose -m - 8 = -4*n. Let p(f) = -f**2 + 7*f + 1. Calculate p(n).
11
Let u(z) be the third derivative of 7*z**5/60 - z**4/4 - z**3/3 + 2*z**2 - 3. What is u(2)?
14
Suppose 4*n + n - 2*h - 225 = 0, 10 = -2*h. Let z be 14/(-84) - n/(-6). Let u(c) = c**3 - 8*c**2 + 6*c - 6. Give u(z).
-13
Let m(p) be the first derivative of -152 + 16*p - 1/4*p**4 + 11/2*p**2 + 11/3*p**3. Give m(12).
4
Let t(h) = h**3 - 16*h**2 - 22*h + 74. Let l(c) = -2*c**3 - 14*c**2 - 21*c + 12. Let g be l(-5). Calculate t(g).
-11
Let y(j) = -6*j**3 - 44*j**2 + 42*j + 4. Let w(u) = 2*u**3 + 15*u**2 - 14*u - 1. Let a(l) = -14*w(l) - 5*y(l). Determine a(-6).
6
Let u(b) = 12*b + 24. Let k = -101 + 110. Let o(c) = 3*c + 5. Let n(s) = k*o(s) - 2*u(s). Calculate n(4).
9
Let y(z) = z**3 - 25*z**2 + 25*z + 24. Let s(g) = -g**3 + 37*g**2 - 271*g + 51. Let u be s(27). What is y(u)?
48
Suppose -72 = -2792*v + 2820*v - 240. Let h(p) = -p**3 - p. Let b(z) = 7*z**3 - 5*z**2 + 6. Let n(k) = -b(k) - 6*h(k). Determine n(v).
-6
Let p(a) = -5 + 4 + a**2 + 2*a - 1 - a. Let o(w) = 6*w - 80. Let s be o(13). Give p(s).
0
Let v(q) be the third derivative of q**2 - 7*q + 0 - 11/24*q**4 + 5/6*q**3. Give v(4).
-39
Let v = -160 - -160. Suppose 0 = -9*l - v + 9. Let k(q) = 16*q**2 - 4*q + 4. Let d(y) = -4*y**2 + y - 1. Let z(n) = 9*d(n) + 2*k(n). What is z(l)?
-4
Let v(h) = -h**3 - 13*h**2 - 7*h + 26. Let r be (18/171 + ((-685)/190 - -4))*-24. Determine v(r).
-34
Let a(k) = -2*k + 1. Suppose -5*r + 73 = -7. Let d = 420 + -422. Let q be -2 - (d/3 - r/(-24)). Calculate a(q).
5
Let m(i) = -13*i**2 + 13*i. Let a(d) = 5*d**2 - 4*d. Let n = -2008 + 2000. Let g(y) = n*a(y) - 3*m(y). Let z be (-1)/2 + 18/(-4). Determine g(z).
10
Let a(p) be t